nvert -32304312 (base 6) to base 5.
-221114203
5ad09 (base 14) to base 4
312031331
What is -340320324 (base 5) in base 3?
-2210221212200
What is 13203133 (base 5) in base 11?
8aa19
What is -1499689 (base 12) in base 8?
-17754611
-20525074 (base 9) to base 3
-200120212002111
What is 1222312213 (base 4) in base 16?
6ada7
What is -3001314 (base 5) in base 11?
-32414
Convert 2322103210 (base 4) to base 5.
143404413
What is -586ba3 (base 15) in base 14?
-7bd8c1
What is 11301323312 (base 4) in base 8?
5617366
Convert -14036331 (base 8) to base 14.
-5c4117
Convert 1749060 (base 11) to base 9.
5525374
What is -219155 (base 11) in base 6?
-11251143
What is -61395 (base 14) in base 6?
-5003051
Convert 117500 (base 12) to base 4.
1010330100
Convert -614581 (base 11) to base 6.
-33053141
Convert 2832d3 (base 14) to base 11.
87073a
c3e1e6 (base 15) to base 6
531331230
330d4 (base 16) to base 8
630324
What is -22332205 (base 6) in base 10?
-680909
31120321 (base 4) to base 14
15db3
Convert 1287 (base 14) to base 12.
1a73
-1148331 (base 9) to base 8
-2300365
106182 (base 11) to base 15
35233
Convert 1230213 (base 9) to base 15.
d3516
Convert 336a8 (base 15) to base 10.
163508
-10104501 (base 6) to base 7
-2311600
Convert -452601 (base 7) to base 5.
-10031324
399789 (base 10) to base 2
1100001100110101101
What is 2585b8 (base 14) in base 10?
1290822
What is -20337025 (base 8) in base 5?
-2100333001
What is -1d4bb5 (base 14) in base 5?
-232104043
What is 17b07 (base 15) in base 3?
10220020221
What is 947329 (base 10) in base 14?
1a9345
What is 104188 (base 9) in base 15?
1361b
Convert 723103 (base 9) to base 3.
210210010010
-2203b1 (base 12) to base 11
-339538
Convert 31113202030 (base 4) to base 10.
3504268
Convert -1011000110000111 (base 2) to base 15.
-d6ec
Convert -68db3 (base 15) to base 8.
-1214023
10000022001 (base 3) to base 5
3344031
Convert -3026786 (base 9) to base 10.
-1612464
Convert 312884 (base 10) to base 15.
62a8e
What is -429c (base 14) in base 7?
-45355
Convert -5532234 (base 7) to base 9.
-1246160
10110001101001110001111 (base 2) to base 15
79ec87
Convert b708a (base 15) to base 11.
367266
1116380 (base 12) to base 3
20010221201120
What is -411223032 (base 5) in base 4?
-12112102032
What is -3301504 (base 6) in base 15?
-33781
-75593 (base 12) to base 4
-211233333
1580653 (base 9) to base 8
3266134
What is 553d4 (base 15) in base 16?
4221a
-2333416 (base 8) to base 12
-268552
Convert -60a686 (base 11) to base 9.
-1753813
What is 4628e (base 15) in base 14?
5b566
Convert -5145334 (base 6) to base 7.
-2050300
What is -133122011 (base 4) in base 7?
-1044026
What is 23db1 (base 16) in base 14?
3b745
What is 4405166 (base 8) in base 9?
2201755
Convert -2859 (base 14) to base 2.
-1101111011111
2b865 (base 16) to base 7
1341521
Convert 100000010101010101 (base 2) to base 7.
1061054
What is -d672eb (base 16) in base 2?
-110101100111001011101011
Convert -130322330 (base 5) to base 13.
-193615
What is -1233102124 (base 5) in base 2?
-1011100001000100011111
Convert 300023220 (base 4) to base 6.
4121400
What is 11010110011111 (base 2) in base 15?
4102
Convert 221012021111 (base 3) to base 11.
309659
-2c304 (base 16) to base 14
-49d64
What is 316645 (base 8) in base 4?
121312211
Convert 52508 (base 14) to base 15.
3dc71
What is 60077c (base 13) in base 2?
1000100000001100110100
What is -5760665 (base 9) in base 3?
-12212000202012
203000212 (base 4) to base 9
237631
1ba866 (base 12) to base 15
9bbe3
Convert -203311032 (base 4) to base 7.
-1150614
What is 1147ab (base 13) in base 5?
101104331
Convert 45a270 (base 11) to base 8.
2623636
What is 2b6a52 (base 15) in base 7?
23556131
Convert -10011011001010000 (base 2) to base 15.
-18810
-1317c5 (base 14) to base 7
-5405335
What is 69169 (base 11) in base 9?
162174
Convert -1033033122 (base 4) to base 7.
-2521161
Convert 50202323 (base 6) to base 14.
28bd59
-43063 (base 11) to base 13
-22675
332230310 (base 4) to base 14
69844
-23323 (base 15) to base 3
-12200202020
22121122112 (base 3) to base 4
221122001
290938 (base 11) to base 4
1233011121
100112322 (base 4) to base 15
14cbc
What is -34230401 (base 5) in base 6?
-10312301
-2647395 (base 10) to base 9
-4874480
What is 135df (base 16) in base 9?
130731
Convert -979a7 (base 13) to base 5.
-32232321
What is 18920 (base 12) in base 7?
206415
What is -2190b7 (base 12) in base 15?
-a83b1
-85232 (base 10) to base 3
-11022220202
What is -2044130 (base 8) in base 13?
-1600b6
Convert 162c1 (base 15) to base 4.
101131102
-222314243 (base 6) to base 12
-1428983
Convert -137626 (base 9) to base 4.
-110211321
-11001000001110000001 (base 2) to base 14
-174c25
30320002 (base 4) to base 2
1100111000000010
Convert 734820 (base 9) to base 13.
123963
What is -1130203112 (base 4) in base 9?
-637015
Convert -1110001111101111 (base 2) to base 4.
-32033233
Convert 80d (base 14) to base 15.
706
13804228 (base 9) to base 13
155c207
What is 121202101122 (base 3) in base 13?
b715b
Convert -2210332 (base 6) to base 10.
-110288
What is -120240343 (base 5) in base 9?
-1036270
What is 8ad87 (base 15) in base 4?
1223313022
What is 20200212022 (base 3) in base 4?
200030021
Convert 41400322 (base 5) to base 4.
1103023220
What is -5276f (base 16) in base 12?
-14357b
What is 11000100110100100100 (base 2) in base 9?
1457775
What is -221200330 (base 4) in base 11?
-106836
Convert 145034443 (base 6) to base 8.
13454573
What is 356455 (base 8) in base 2?
11101110100101101
Convert -25268 (base 12) to base 4.
-30110300
46351 (base 12) to base 6
2002141
What is 11404311 (base 5) in base 6?
2142331
Convert 213553123 (base 6) to base 4.
32211320223
2a526 (base 11) to base 12
21021
-39587 (base 11) to base 4
-31310122
What is 27010 (base 15) in base 10?
124890
Convert 15545 (base 14) to base 15.
10b52
What is -2344442 (base 7) in base 14?
-7a2c9
-1132102022 (base 4) to base 6
-12135522
23042133 (base 5) to base 10
205918
What is -1abb85 (base 12) in base 2?
-1110100011011010101
Convert -4185a27 (base 11) to base 16.
-707e1d
3661141 (base 7) to base 15
93cb1
19061 (base 14) to base 8
173335
Convert -b6d66 (base 14) to base 5.
-103113203
-13303311 (base 5) to base 16
-20eaf
3823537 (base 9) to base 12
845167
216226 (base 11) to base 9
575222
Convert -1100100101110110111000 (base 2) to base 11.
-1954a30
What is -15724 (base 11) in base 8?
-53231
What is -455151 (base 7) in base 10?
-81033
543517 (base 9) to base 16
4f201
1aa706 (base 11) to base 5
40242444
Convert 14681c9 (base 13) to base 10.
6501257
What is 110100010110101 (base 2) in base 5?
1324210
Convert -2702442 (base 9) to base 14.
-2a6909
315216 (base 7) to base 14
15cb6
Convert -1a3166 (base 12) to base 5.
-104232343
Convert 395518 (base 11) to base 12.
2600a1
Convert 2cd37 (base 14) to base 11.
77463
1b38a (base 14) to base 6
1252514
Convert 53437 (base 11) to base 9.
127547
What is 103103231031 (base 4) in base 16?
4d3b4d
1a0b124 (base 14) to base 6
1141151004
Convert -563518 (base 11) to base 5.
-212211333
Convert 168775 (base 9) to base 2.
11001100110110010
-545321 (base 8) to base 16
-2cad1
Convert -3111111131 (base 4) to base 12.
-361825
Convert -3424043 (base 6) to base 3.
-22212110000
Convert 16544706 (base 8) to base 2.
1110101100100111000110
What is -2110330230 (base 4) in base 12?
-255090
What is 334313334 (base 5) in base 7?
15400410
-5882348 (base 9) to base 7
-36030206
Convert 10010200020 (base 3) to base 8.
170440
21252252 (base 6) to base 14
125396
Convert 11231402334 (base 5) to base 10.
12762844
-7030021 (base 10) to base 9
-14204334
3327303 (base 9) to base 10
1789941
What is -10364 (base 11) in base 7?
-61643
-14744672 (base 9) to base 2
-11100000010110111101011
-1083310 (base 9) to base 12
-243400
Convert -15221212 (base 9) to base 10.
-7572296
Convert -922b2 (base 16) to base 11.
-3798a9
-1170ca (base 15) to base 6
-25512131
Convert -2111 (base 10) to base 2.
-100000111111
Convert 81268 (base 12) to base 5.
20333414
What is -10010010000110101111 (base 2) in base 5?
-123122242
What is 4b5c3 (base 13) in base 3?
21002020112
What is -22634245 (base 8) in base 10?
-4929701
What is 555002 (base 9) in base 5?
41103242
What is -122100101303 (base 4) in base 5?
-3230214134
What is 1211001002 (base 3) in base 2?
100010111010011